ighest common factor of 9915 and 15.
15
What is the highest common factor of 10 and 2?
2
What is the highest common divisor of 201 and 8911?
67
What is the highest common divisor of 1850 and 148?
74
Calculate the highest common factor of 734 and 2.
2
Calculate the highest common divisor of 24 and 772.
4
Calculate the greatest common factor of 936 and 492.
12
What is the highest common divisor of 80 and 16?
16
What is the greatest common factor of 4877 and 1?
1
Calculate the highest common factor of 9 and 225.
9
What is the greatest common divisor of 452 and 8?
4
Calculate the highest common factor of 32785 and 316.
79
Calculate the greatest common divisor of 760 and 25.
5
Calculate the highest common factor of 1008 and 12.
12
Calculate the highest common divisor of 128 and 824.
8
What is the highest common factor of 60 and 50550?
30
What is the greatest common divisor of 962 and 592?
74
Calculate the greatest common factor of 2544 and 240.
48
Calculate the greatest common factor of 6485 and 5.
5
Calculate the highest common factor of 14 and 20.
2
Calculate the greatest common divisor of 308 and 70.
14
Calculate the highest common divisor of 267 and 3.
3
What is the greatest common divisor of 1495 and 230?
115
Calculate the highest common divisor of 8 and 200.
8
Calculate the highest common divisor of 2540 and 40.
20
Calculate the highest common factor of 310 and 80.
10
What is the greatest common factor of 66 and 60?
6
What is the greatest common divisor of 377 and 116?
29
Calculate the highest common divisor of 2 and 128.
2
Calculate the highest common divisor of 63 and 1071.
63
What is the highest common divisor of 6 and 93?
3
Calculate the greatest common divisor of 122 and 305.
61
Calculate the greatest common factor of 7 and 35287.
7
Calculate the greatest common factor of 168 and 1946.
14
What is the highest common factor of 76 and 16?
4
Calculate the highest common factor of 1161 and 301.
43
What is the highest common divisor of 636 and 265?
53
What is the greatest common factor of 1071 and 119?
119
Calculate the highest common factor of 84 and 2366.
14
Calculate the highest common factor of 480 and 864.
96
What is the highest common divisor of 27 and 16605?
27
What is the highest common factor of 185 and 230?
5
Calculate the highest common divisor of 115 and 5.
5
What is the greatest common factor of 61 and 4453?
61
What is the greatest common divisor of 34 and 136?
34
Calculate the highest common divisor of 62 and 48701.
31
What is the highest common divisor of 90 and 144?
18
What is the greatest common divisor of 927 and 103?
103
Calculate the highest common factor of 4 and 436.
4
Calculate the highest common factor of 620 and 40.
20
What is the greatest common factor of 10017 and 106?
53
What is the highest common divisor of 126 and 18?
18
What is the highest common divisor of 33 and 2937?
33
What is the greatest common factor of 16 and 14?
2
What is the greatest common divisor of 68 and 340?
68
Calculate the highest common divisor of 20 and 15220.
20
What is the greatest common divisor of 4573 and 136?
17
What is the highest common divisor of 8 and 456?
8
Calculate the highest common divisor of 260 and 580.
20
Calculate the highest common factor of 125 and 5875.
125
Calculate the highest common divisor of 531 and 10443.
177
Calculate the greatest common factor of 1896 and 24.
24
Calculate the greatest common divisor of 28 and 2086.
14
What is the highest common divisor of 71 and 19241?
71
Calculate the greatest common factor of 608 and 57.
19
Calculate the greatest common divisor of 7276 and 136.
68
What is the greatest common divisor of 21 and 896?
7
What is the greatest common divisor of 117 and 225?
9
Calculate the highest common factor of 117 and 12.
3
What is the highest common factor of 104 and 3848?
104
What is the greatest common divisor of 16 and 688?
16
Calculate the greatest common divisor of 223 and 37241.
223
What is the greatest common divisor of 8060 and 80?
20
Calculate the greatest common divisor of 481 and 91.
13
What is the greatest common factor of 176 and 1914?
22
Calculate the greatest common divisor of 38 and 437.
19
Calculate the greatest common divisor of 96 and 800.
32
What is the greatest common factor of 608 and 190?
38
What is the highest common divisor of 200 and 12700?
100
What is the highest common factor of 6437 and 164?
41
What is the highest common divisor of 48 and 2712?
24
What is the highest common factor of 528 and 11748?
132
What is the greatest common divisor of 204 and 34?
34
What is the greatest common divisor of 7223 and 31?
31
Calculate the highest common divisor of 9 and 291.
3
What is the greatest common divisor of 118 and 12?
2
Calculate the highest common factor of 11 and 11.
11
What is the greatest common divisor of 85 and 5695?
85
Calculate the highest common factor of 115 and 20.
5
What is the highest common divisor of 429 and 156?
39
Calculate the highest common factor of 4303 and 13.
13
What is the greatest common factor of 418 and 44?
22
Calculate the highest common divisor of 28 and 4221.
7
Calculate the greatest common factor of 1340 and 500.
20
What is the greatest common factor of 341 and 62?
31
What is the highest common divisor of 10045 and 123?
41
What is the highest common divisor of 21 and 28?
7
Calculate the greatest common factor of 14 and 518.
14
Calculate the greatest common divisor of 10 and 10195.
5
Calculate the greatest common factor of 510 and 465.
15
What is the highest common divisor of 252 and 936?
36
Calculate the greatest common divisor of 42432 and 156.
156
What is the highest common divisor of 5 and 25?
5
Calculate the highest common divisor of 261 and 2.
1
Calculate the greatest common divisor of 705 and 5781.
141
Calculate the highest common divisor of 600 and 6.
6
Calculate the greatest common divisor of 35 and 290.
5
What is the greatest common factor of 144 and 12?
12
What is the highest common divisor of 40 and 7270?
10
Calculate the greatest common factor of 36 and 4.
4
What is the greatest common factor of 170 and 1360?
170
What is the greatest common divisor of 64 and 80?
16
What is the greatest common factor of 750 and 18500?
250
Calculate the greatest common divisor of 17 and 119.
17
Calculate the highest common factor of 149 and 745.
149
What is the greatest common divisor of 260 and 20?
20
What is the greatest common divisor of 7 and 43?
1
What is the highest common divisor of 336 and 552?
24
What is the greatest common divisor of 400 and 480?
80
What is the greatest common factor of 1053 and 26?
13
What is the highest common factor of 560 and 272?
16
What is the highest common factor of 61 and 976?
61
What is the highest common factor of 5 and 32?
1
What is the highest common factor of 2752 and 704?
64
Calculate the greatest common factor of 14326 and 104.
26
Calculate the greatest common factor of 71 and 781.
71
What is the highest common divisor of 1974 and 8178?
282
What is the greatest common divisor of 156 and 600?
12
Calculate the greatest common divisor of 3162 and 72.
6
What is the highest common factor of 156 and 324?
12
Calculate the highest common factor of 26 and 14.
2
What is the greatest common factor of 585 and 221?
13
What is the highest common factor of 1040 and 80?
80
Calculate the greatest common divisor of 2983 and 1099.
157
What is the highest common factor of 15 and 48?
3
Calculate the greatest common factor of 66 and 165.
33
What is the highest common divisor of 168 and 231?
21
Calculate the greatest common divisor of 1047 and 3.
3
Calculate the greatest common factor of 126 and 315.
63
What is the highest common divisor of 115 and 14720?
115
What is the greatest common divisor of 749 and 428?
107
What is the highest common factor of 5 and 4405?
5
Calculate the highest common factor of 1224 and 72.
72
What is the highest common divisor of 196 and 47236?
196
Calculate the highest common divisor of 13 and 11817.
13
What is the highest common divisor of 171 and 39?
3
What is the greatest common factor of 11921 and 655?
131
What is the highest common divisor of 2104 and 8?
8
What is the greatest common divisor of 8103 and 292?
73
Calculate the greatest common factor of 38687 and 11.
11
Calculate the highest common d